. Calculate the greatest common divisor of 20 and z.
10
Let l(j) = -21*j**2 + 44*j + 6. Let p be l(2). What is the highest common factor of 770 and p?
10
Let y = -12 + 33. Suppose 966 = -4*m + 27*m. Calculate the greatest common divisor of m and y.
21
Suppose -100 = -2*t + 2*i, 10*t - 90 = 8*t + 4*i. Let o be (-1)/(-4) - (-87)/4. Let c = 44 - o. Calculate the greatest common divisor of t and c.
11
Let c(l) = l**3 + 38*l**2 - 35*l + 174. Let q be c(-39). Calculate the greatest common divisor of q and 288.
18
Suppose 53 = 4*u - 2*k - 115, -4*k - 42 = -u. Let d = u - 31. What is the greatest common factor of d and 88?
11
Let n be 4*4*39/6. Calculate the highest common factor of 364 and n.
52
Suppose 2*x + 1567 = 5*q, 0 = 32*q - 35*q + 4*x + 929. What is the greatest common factor of q and 30?
15
Let a be ((-20)/30)/((-5)/30)*11. Calculate the highest common factor of 77 and a.
11
Let q be (-900)/8*4/(-3). Let m(b) = -b**3 - b**2 - 21*b - 21. Let u be m(-3). What is the highest common factor of q and u?
30
Let w(i) = 92*i - 69. Let h be w(2). What is the highest common divisor of h and 5?
5
Let r = -20 - -26. Let a be (-1)/2 + 339/r. What is the highest common divisor of 140 and a?
28
Let t be (66/(-15))/(1/5). Let v = 93 - t. What is the greatest common divisor of 46 and v?
23
Let n be 384*(-2)/12*-3. Suppose n = 7*f - 3*f. What is the greatest common factor of 12 and f?
12
Let v(f) = 8*f**2 - f - 3. Suppose 7*p = 12*p - 15. Let d be v(p). Calculate the greatest common factor of 165 and d.
33
Suppose -4*m = -4*y - 84, -13*m + 96 = -9*m + 2*y. Calculate the highest common divisor of 1 and m.
1
Suppose 3*p + 2*p - 70 = -2*s, -p - 4 = 4*s. Calculate the highest common factor of 32 and p.
16
Suppose r + 6*r = -70. Let i = -8 - r. Calculate the highest common divisor of 14 and i.
2
Let h be 13/26 - (-190)/4. Calculate the greatest common factor of h and 300.
12
Let u = -16 - -20. What is the highest common divisor of u and 8?
4
Let x(a) = 4*a**2 + 10*a - 15. Let o be x(2). Let r be 191 - 2/2*2. Calculate the greatest common factor of o and r.
21
Suppose 0 = -4*j - 4*y + 96, -j - 5*y + 3 + 5 = 0. What is the highest common factor of 322 and j?
14
Let c be (3/4)/((-3)/(-8)). Let o(b) = 9 - 4 + 2 + c*b. Let s be o(4). What is the highest common factor of 3 and s?
3
Let n = 369 + -237. Suppose 8*g - 5*g = n. What is the greatest common factor of 4 and g?
4
Suppose -g = 3*d - 113, 0*g = -g + 5*d + 81. Suppose 0 = -3*o + 4*k + 68, k = 4*o + 6*k - g. What is the greatest common factor of o and 6?
6
Suppose -b + 3*j + 4 = 0, -j - 4*j = 0. What is the highest common divisor of b and 9?
1
Suppose 2*s + 0 = -10, 0 = 3*c + 2*s - 11. Calculate the highest common factor of c and 21.
7
Let v(o) = 3*o**2 + 34*o + 31. Let x(t) = 2*t**2 + 35*t + 32. Let y(m) = -3*v(m) + 4*x(m). Let b be y(16). Calculate the greatest common factor of b and 43.
43
Let b be (20 - (-23 + 9)) + -3*6/(-9). Let r = 43 - 19. What is the highest common divisor of r and b?
12
Let d be (-3)/8*2 - 243/(-36). What is the greatest common factor of d and 8?
2
Suppose -8*i + 1402 + 9886 = 0. What is the highest common divisor of i and 83?
83
Suppose 0 = b - 3*x - 10, b + x = -4*x - 6. What is the greatest common divisor of 1 and b?
1
Suppose 67*u - 63*u - 609 = -a, 0 = 2*u + a - 303. Calculate the highest common divisor of u and 34.
17
Let y = 85 + -30. Let r(p) = -p**2 - 8*p + 13. Let u be r(-9). Suppose 0 = -5*w + u + 51. Calculate the highest common factor of w and y.
11
Suppose 277 = 9*p - 6221. What is the highest common factor of p and 38?
38
Suppose -3*w + 15 = -0*w. Suppose 138 = j + w*j. Calculate the highest common factor of j and 92.
23
Let q(h) = -h**3 - 2*h**2 + h + 2. Suppose -2*j + 2 = 0, 4*x + 5*j = -3 - 4. Let k be q(x). What is the highest common factor of 2 and k?
2
Let n(i) = 4*i + 10. Let j be 30*(8/6 - 1). Let r be n(j). What is the highest common factor of 20 and r?
10
Let u(r) = r**3 + 12*r**2 + 10*r - 10. Let v be u(-11). Let l = 12 + v. Calculate the highest common divisor of l and 104.
13
Let w be (-244)/(-4) + (2 - 6). Calculate the highest common divisor of 3 and w.
3
Let i(v) = -12*v + 302. Let t be i(24). Calculate the greatest common divisor of t and 203.
7
Suppose -6 = -3*v, 3*i = -3*v + 4*v + 130. Let f be ((-484)/88)/((-1)/(-4)). Let q = f + i. What is the highest common divisor of q and 154?
22
Let w = 11 + -8. Let l be w/(-12) - (-66)/8. Let p(s) = -s**3 + 13*s**2 - 3*s + 55. Let a be p(13). Calculate the greatest common divisor of a and l.
8
Suppose -9*q = -8*q - 4. Suppose -c - c = -q. What is the greatest common factor of 10 and c?
2
Let d = -368 + 491. What is the highest common divisor of 164 and d?
41
Let d(t) = t**2 + 11*t - 4. Let z be d(-12). What is the greatest common factor of z and 2?
2
Let a(y) = 2*y**2 - y - 12. Let w be a(-5). Let t = w + -36. Calculate the highest common factor of 63 and t.
7
Let o(i) = 4*i**2 + 6*i - 52. Let a be o(4). What is the greatest common divisor of 78 and a?
6
Suppose 5*p - 119 = -2*w, 9*p - 122 = 4*p - w. Suppose -3*j - 3*k + 11 = -p, -5*k = -25. What is the highest common factor of j and 1?
1
Let y be 165/15 - (-4 + 0). Calculate the highest common divisor of 65 and y.
5
Let u(p) = p + 5. Let s be u(5). Suppose -4*y + 168 = -2*a, -5*y + 0*a + 2*a + 208 = 0. Calculate the greatest common divisor of s and y.
10
Suppose 6 = 3*b - 18. Suppose 4*l - 225 + 673 = 5*j, j = -l + 86. Calculate the highest common factor of j and b.
8
Let k be (1 - 1)*(6 - 5). Suppose 6*r + 78 - 618 = k. Calculate the greatest common divisor of r and 36.
18
Suppose -3*i + 14 = 4*c - 6, -4*i = 2*c - 10. Suppose i = 4*s - 36 + 376. Let b be (-2261)/s + (-6)/10. Calculate the greatest common divisor of b and 65.
13
Let l = 544 + -138. What is the highest common factor of l and 116?
58
Let p be ((-25)/4)/((-2)/32). Suppose -4*g - 141*g = -1095 - 1805. What is the greatest common divisor of p and g?
20
Let w(j) = j**3 - 22*j**2 - 20*j - 30. Let h be w(23). What is the highest common factor of h and 6?
3
Let r(g) = g**2 + 30*g + 58. Let i be r(-28). Suppose -2*p + 5*l + 22 = i*l, -5*l = -5*p + 60. What is the highest common factor of p and 21?
7
Let r(v) = 4*v - 11. Let k be r(8). Let q = k - 7. Calculate the greatest common factor of q and 7.
7
Suppose -9 = -s - 2*s. Let o be 2/(-4)*-154 + -4. Suppose 5*j - o + s = 0. Calculate the highest common divisor of j and 28.
14
Let d(u) = -7*u**3 - 5*u + 4. Let f be d(3). Let w be (2/10)/((-8)/f). What is the greatest common factor of 2 and w?
1
Let b(p) = 13*p**2 + 3*p - 1 - 5*p + 22*p**2. Let s be b(-1). Let t be 2*(4/2 + 7). Calculate the greatest common factor of t and s.
18
Let h(t) = -t + 9*t - 6*t. Let d be h(0). Suppose -a + 22 + 13 = d. What is the highest common divisor of a and 7?
7
Let p = -34 + 39. Let j be (-196)/(-10) + 4/10. Suppose p*n - 40 = j. What is the greatest common divisor of n and 84?
12
Let w(m) be the first derivative of -m**2/2 + 29*m + 17. Let g be w(-16). What is the highest common divisor of 135 and g?
45
Let d = -53 + 54. Let n be 5 - -2 - (-2 + d). Let l(g) = g**3 - g + 1. Let r be l(0). Calculate the highest common divisor of r and n.
1
Suppose -189 = 5*b - 12*b. Suppose -2*k - 2*k = -540. Calculate the greatest common factor of b and k.
27
Suppose -93 - 347 = -4*z. Let v be (3/12)/((-4)/(-16)). Let w(x) = 9*x**2 + 2*x - 1. Let u be w(v). Calculate the greatest common factor of u and z.
10
Let a(o) be the first derivative of 2*o**2 - 38*o + 29. Let r be a(13). Calculate the greatest common factor of 14 and r.
14
Let a be (-3)/((-1)/(-1))*-3. Suppose -103 - 83 = -6*t. Suppose -j - t = -94. Calculate the greatest common factor of j and a.
9
Suppose -4*j = 4*f - 20, -4*j + 25 = -2*j + 5*f. Suppose 4*q - 12 = -j*q. Let p = 1 + 0. Calculate the highest common factor of p and q.
1
Suppose 0 = 5*s - 39*s + 714. Calculate the greatest common divisor of 231 and s.
21
Let x = -46 - -88. Let m = -80 + 139. Let a = m - 38. Calculate the greatest common divisor of x and a.
21
Suppose -3*p + 135 = 27. What is the greatest common factor of p and 8?
4
Suppose -28 = -2*r + 32. Suppose 3*z + 6 - r = p, 3*p = -2*z + 5. Calculate the greatest common factor of z and 14.
7
Let f(m) = -m**2 + 9